est common factor of 595 and 70?
35
Calculate the highest common divisor of 40 and 9320.
40
Calculate the highest common divisor of 2891 and 49.
49
Calculate the greatest common divisor of 74 and 2.
2
Calculate the greatest common factor of 4307 and 73.
73
Calculate the greatest common factor of 874 and 230.
46
What is the greatest common divisor of 2587 and 208?
13
Calculate the greatest common factor of 117 and 11349.
117
What is the greatest common factor of 38727 and 117?
117
Calculate the greatest common factor of 14 and 658.
14
Calculate the highest common factor of 84 and 7014.
42
What is the highest common divisor of 13665 and 15?
15
Calculate the highest common divisor of 40 and 110.
10
Calculate the greatest common factor of 72 and 40.
8
Calculate the greatest common divisor of 1919 and 133.
19
Calculate the greatest common factor of 1620 and 6.
6
What is the greatest common divisor of 230 and 37030?
230
Calculate the greatest common divisor of 30 and 200.
10
What is the highest common factor of 148 and 1443?
37
What is the greatest common factor of 14976 and 52?
52
What is the highest common divisor of 120 and 520?
40
What is the greatest common factor of 531 and 295?
59
What is the greatest common factor of 1010 and 40?
10
Calculate the greatest common factor of 64 and 2432.
64
What is the greatest common factor of 302 and 1057?
151
What is the greatest common factor of 154 and 21?
7
Calculate the greatest common factor of 81 and 468.
9
What is the highest common factor of 1815 and 22?
11
Calculate the highest common factor of 153 and 6375.
51
Calculate the greatest common factor of 5763 and 51.
51
What is the highest common factor of 285 and 1275?
15
Calculate the highest common divisor of 621 and 368.
23
Calculate the highest common factor of 6885 and 20.
5
Calculate the highest common factor of 1712 and 2461.
107
What is the highest common divisor of 166 and 2158?
166
Calculate the highest common factor of 68 and 4760.
68
What is the highest common divisor of 126 and 324?
18
Calculate the greatest common divisor of 76 and 95.
19
Calculate the greatest common divisor of 486 and 5886.
54
Calculate the highest common divisor of 138 and 2352.
6
Calculate the highest common factor of 26 and 52.
26
What is the greatest common divisor of 3150 and 126?
126
Calculate the highest common divisor of 2691 and 207.
207
Calculate the greatest common divisor of 1939 and 7.
7
What is the highest common divisor of 40 and 8?
8
Calculate the highest common factor of 18988 and 3232.
404
Calculate the highest common divisor of 748 and 68.
68
Calculate the greatest common factor of 160 and 48.
16
Calculate the greatest common divisor of 912 and 570.
114
What is the highest common divisor of 35 and 217?
7
What is the greatest common factor of 28 and 42?
14
What is the greatest common divisor of 9 and 6?
3
What is the greatest common divisor of 61 and 976?
61
Calculate the greatest common divisor of 270 and 45.
45
What is the highest common divisor of 57994 and 214?
214
What is the highest common factor of 36 and 214?
2
Calculate the greatest common factor of 56 and 56.
56
Calculate the highest common factor of 22 and 5258.
22
What is the greatest common divisor of 192 and 8016?
48
What is the highest common divisor of 261 and 45?
9
What is the highest common factor of 20 and 2804?
4
What is the greatest common divisor of 675 and 300?
75
What is the greatest common factor of 92 and 2599?
23
What is the highest common divisor of 180 and 6696?
36
Calculate the highest common divisor of 94 and 18706.
94
What is the greatest common divisor of 3534 and 38?
38
What is the highest common divisor of 36426 and 26?
26
What is the highest common divisor of 261 and 7482?
87
What is the highest common divisor of 581 and 2075?
83
What is the highest common divisor of 98 and 83594?
98
Calculate the highest common divisor of 315 and 405.
45
What is the highest common divisor of 51 and 10149?
51
What is the greatest common factor of 3487 and 22?
11
What is the greatest common factor of 1393 and 77?
7
Calculate the greatest common divisor of 968 and 80.
8
Calculate the greatest common factor of 21 and 749.
7
What is the highest common factor of 7500 and 12?
12
Calculate the greatest common factor of 11730 and 92.
46
Calculate the greatest common divisor of 108 and 81.
27
Calculate the greatest common divisor of 24814 and 57.
19
Calculate the highest common divisor of 125 and 50.
25
What is the greatest common divisor of 200 and 25?
25
What is the highest common divisor of 70 and 98?
14
What is the greatest common factor of 93 and 4123?
31
What is the greatest common factor of 54 and 14?
2
Calculate the greatest common divisor of 612 and 170.
34
What is the greatest common factor of 675 and 525?
75
What is the greatest common factor of 29 and 29?
29
Calculate the highest common factor of 84 and 12.
12
What is the greatest common factor of 4097 and 17?
17
Calculate the highest common factor of 287 and 205.
41
What is the highest common divisor of 29 and 1?
1
What is the highest common factor of 2640 and 60?
60
Calculate the greatest common factor of 36 and 22797.
9
What is the highest common factor of 14 and 518?
14
What is the greatest common factor of 1 and 16?
1
What is the greatest common factor of 539 and 2618?
77
What is the greatest common factor of 190 and 70?
10
What is the highest common divisor of 348 and 36?
12
What is the greatest common divisor of 1224 and 384?
24
What is the highest common divisor of 228 and 3762?
114
Calculate the greatest common divisor of 69 and 984.
3
Calculate the highest common factor of 1 and 117.
1
What is the greatest common divisor of 14 and 91?
7
What is the greatest common divisor of 240 and 5640?
120
Calculate the greatest common factor of 1941 and 3.
3
Calculate the highest common factor of 15597 and 9.
9
What is the greatest common divisor of 1152 and 36?
36
Calculate the highest common divisor of 33 and 21153.
33
What is the greatest common factor of 252 and 420?
84
Calculate the highest common factor of 2496 and 39.
39
What is the greatest common divisor of 230 and 4255?
115
Calculate the greatest common factor of 77 and 66.
11
Calculate the highest common factor of 551 and 38.
19
What is the greatest common factor of 15477 and 1005?
201
Calculate the greatest common divisor of 38 and 418.
38
Calculate the highest common divisor of 289 and 85.
17
What is the greatest common divisor of 4209 and 897?
69
What is the greatest common factor of 22 and 187?
11
What is the greatest common factor of 7350 and 56?
14
Calculate the greatest common divisor of 238 and 154.
14
Calculate the highest common divisor of 41 and 3977.
41
What is the highest common divisor of 12472 and 8?
8
Calculate the highest common divisor of 7 and 4.
1
What is the highest common factor of 57 and 5453?
19
Calculate the greatest common factor of 86 and 430.
86
What is the greatest common divisor of 190 and 6745?
95
Calculate the highest common divisor of 273 and 5096.
91
Calculate the greatest common factor of 21 and 1883.
7
Calculate the greatest common factor of 67 and 67.
67
What is the highest common factor of 70 and 155?
5
Calculate the highest common factor of 1845 and 315.
45
Calculate the highest common divisor of 20 and 260.
20
What is the greatest common divisor of 312 and 390?
78
Calculate the highest common divisor of 26 and 689.
13
Calculate the highest common factor of 39 and 689.
13
What is the highest common factor of 25725 and 21?
21
What is the greatest common factor of 23 and 6?
1
What is the greatest common divisor of 16 and 2032?
16
Calculate the highest common divisor of 944 and 295.
59
What is the highest common divisor of 16 and 52?
4
What is the greatest common factor of 80 and 1384?
8
Calculate the highest common divisor of 832 and 52.
52
Calculate the highest common divisor of 589 and 31.
31
What is the greatest common divisor of 8 and 2136?
8
Calculate the highest common divisor of 9 and 96.
3
What is the greatest common factor of 34 and 9231?
17
What is the greatest common factor of 28 and 287?
7
What is the highest common divisor of 58 and 1334?
58
What is the highest common divisor of 308 and 528?
44
Calculate the highest co